CRAN Package Check Results for Package SOPIE

Last updated on 2025-04-30 04:50:20 CEST.

Flavor Version Tinstall Tcheck Ttotal Status Flags
r-devel-linux-x86_64-debian-clang 1.6 3.01 32.24 35.25 NOTE
r-devel-linux-x86_64-debian-gcc 1.6 2.01 23.97 25.98 NOTE
r-devel-linux-x86_64-fedora-clang 1.6 53.24 OK
r-devel-linux-x86_64-fedora-gcc 1.6 52.58 OK
r-devel-windows-x86_64 1.6 4.00 61.00 65.00 OK
r-patched-linux-x86_64 1.6 3.36 31.45 34.81 OK
r-release-linux-x86_64 1.6 3.06 30.42 33.48 OK
r-release-macos-arm64 1.6 21.00 OK
r-release-macos-x86_64 1.6 37.00 OK
r-release-windows-x86_64 1.6 4.00 58.00 62.00 OK
r-oldrel-macos-arm64 1.6 19.00 OK
r-oldrel-macos-x86_64 1.6 30.00 OK
r-oldrel-windows-x86_64 1.6 5.00 61.00 66.00 OK

Check Details

Version: 1.6
Check: CRAN incoming feasibility
Result: NOTE Maintainer: ‘Willem Daniel Schutte <wd.schutte@nwu.ac.za>’ No Authors@R field in DESCRIPTION. Please add one, modifying Authors@R: person(given = c("Willem", "Daniel"), family = "Schutte", role = c("aut", "cre"), email = "wd.schutte@nwu.ac.za") as necessary. Flavors: r-devel-linux-x86_64-debian-clang, r-devel-linux-x86_64-debian-gcc