CRAN Package Check Results for Package SPCAvRP

Last updated on 2025-04-30 04:50:20 CEST.

Flavor Version Tinstall Tcheck Ttotal Status Flags
r-devel-linux-x86_64-debian-clang 0.4 2.15 29.91 32.06 NOTE
r-devel-linux-x86_64-debian-gcc 0.4 1.88 22.98 24.86 NOTE
r-devel-linux-x86_64-fedora-clang 0.4 50.06 OK
r-devel-linux-x86_64-fedora-gcc 0.4 47.28 OK
r-devel-windows-x86_64 0.4 3.00 59.00 62.00 OK
r-patched-linux-x86_64 0.4 2.18 29.09 31.27 OK
r-release-linux-x86_64 0.4 1.99 28.77 30.76 OK
r-release-macos-arm64 0.4 20.00 OK
r-release-macos-x86_64 0.4 32.00 OK
r-release-windows-x86_64 0.4 4.00 55.00 59.00 OK
r-oldrel-macos-arm64 0.4 19.00 OK
r-oldrel-macos-x86_64 0.4 27.00 OK
r-oldrel-windows-x86_64 0.4 4.00 56.00 60.00 OK

Check Details

Version: 0.4
Check: CRAN incoming feasibility
Result: NOTE Maintainer: ‘Milana Gataric <m.gataric@statslab.cam.ac.uk>’ No Authors@R field in DESCRIPTION. Please add one, modifying Authors@R: c(person(given = "Milana", family = "Gataric", role = c("aut", "cre"), email = "m.gataric@statslab.cam.ac.uk"), person(given = "Tengyao", family = "Wang", role = "aut"), person(given = c("Richard", "J."), family = "Samworth", role = "aut")) as necessary. The Description field contains T. and Samworth, R. J. (2018) <arXiv:1712.05630>. The algorithm is Please refer to arXiv e-prints via their arXiv DOI <doi:10.48550/arXiv.YYMM.NNNNN>. Flavors: r-devel-linux-x86_64-debian-clang, r-devel-linux-x86_64-debian-gcc