CRAN Package Check Results for Package SPORTSCausal

Last updated on 2025-04-30 04:50:20 CEST.

Flavor Version Tinstall Tcheck Ttotal Status Flags
r-devel-linux-x86_64-debian-clang 1.0 2.26 29.97 32.23 NOTE
r-devel-linux-x86_64-debian-gcc 1.0 1.73 22.42 24.15 NOTE
r-devel-linux-x86_64-fedora-clang 1.0 51.73 OK
r-devel-linux-x86_64-fedora-gcc 1.0 51.03 OK
r-devel-windows-x86_64 1.0 4.00 53.00 57.00 OK
r-patched-linux-x86_64 1.0 2.37 29.44 31.81 OK
r-release-linux-x86_64 1.0 2.27 28.83 31.10 OK
r-release-macos-arm64 1.0 20.00 OK
r-release-macos-x86_64 1.0 34.00 OK
r-release-windows-x86_64 1.0 4.00 52.00 56.00 OK
r-oldrel-macos-arm64 1.0 19.00 OK
r-oldrel-macos-x86_64 1.0 32.00 OK
r-oldrel-windows-x86_64 1.0 4.00 55.00 59.00 OK

Check Details

Version: 1.0
Check: CRAN incoming feasibility
Result: NOTE Maintainer: ‘Feiyu Yue <yuefyopals@gmail.com>’ No Authors@R field in DESCRIPTION. Please add one, modifying Authors@R: c(person(given = "Zihao", family = "Zheng", role = "aut"), person(given = "Feiyu", family = "Yue", role = c("aut", "cre"), email = "yuefyopals@gmail.com")) as necessary. Flavors: r-devel-linux-x86_64-debian-clang, r-devel-linux-x86_64-debian-gcc

Version: 1.0
Check: examples
Result: NOTE Examples with CPU (user + system) or elapsed time > 5s user system elapsed sportscausal 3.880 0.044 5.300 ad_cost 3.614 0.078 5.716 Flavor: r-devel-linux-x86_64-debian-clang