Last updated on 2025-04-30 04:50:20 CEST.
Flavor | Version | Tinstall | Tcheck | Ttotal | Status | Flags |
---|---|---|---|---|---|---|
r-devel-linux-x86_64-debian-clang | 0.1-9 | 2.56 | 31.64 | 34.20 | NOTE | |
r-devel-linux-x86_64-debian-gcc | 0.1-9 | 1.87 | 23.62 | 25.49 | NOTE | |
r-devel-linux-x86_64-fedora-clang | 0.1-9 | 53.30 | OK | |||
r-devel-linux-x86_64-fedora-gcc | 0.1-9 | 52.21 | OK | |||
r-devel-windows-x86_64 | 0.1-9 | 3.00 | 68.00 | 71.00 | OK | |
r-patched-linux-x86_64 | 0.1-9 | 3.03 | 30.28 | 33.31 | OK | |
r-release-linux-x86_64 | 0.1-9 | 2.47 | 30.61 | 33.08 | OK | |
r-release-macos-arm64 | 0.1-9 | 22.00 | OK | |||
r-release-macos-x86_64 | 0.1-9 | 34.00 | OK | |||
r-release-windows-x86_64 | 0.1-9 | 5.00 | 62.00 | 67.00 | OK | |
r-oldrel-macos-arm64 | 0.1-9 | 19.00 | OK | |||
r-oldrel-macos-x86_64 | 0.1-9 | 29.00 | OK | |||
r-oldrel-windows-x86_64 | 0.1-9 | 4.00 | 65.00 | 69.00 | OK |
Version: 0.1-9
Check: CRAN incoming feasibility
Result: NOTE
Maintainer: ‘Pavel V. Moskalev <moskalefff@gmail.com>’
No Authors@R field in DESCRIPTION.
Please add one, modifying
Authors@R: person(given = c("Pavel", "V."),
family = "Moskalev",
role = c("aut", "cre"),
email = "moskalefff@gmail.com")
as necessary.
Flavors: r-devel-linux-x86_64-debian-clang, r-devel-linux-x86_64-debian-gcc