CRAN Package Check Results for Package SPreg

Last updated on 2025-04-30 04:50:20 CEST.

Flavor Version Tinstall Tcheck Ttotal Status Flags
r-devel-linux-x86_64-debian-clang 1.0 2.56 23.89 26.45 NOTE
r-devel-linux-x86_64-debian-gcc 1.0 2.04 19.32 21.36 NOTE
r-devel-linux-x86_64-fedora-clang 1.0 41.79 OK
r-devel-linux-x86_64-fedora-gcc 1.0 40.59 OK
r-devel-windows-x86_64 1.0 4.00 45.00 49.00 OK
r-patched-linux-x86_64 1.0 2.60 23.51 26.11 OK
r-release-linux-x86_64 1.0 2.44 23.06 25.50 OK
r-release-macos-arm64 1.0 37.00 OK
r-release-macos-x86_64 1.0 35.00 OK
r-release-windows-x86_64 1.0 4.00 44.00 48.00 OK
r-oldrel-macos-arm64 1.0 18.00 OK
r-oldrel-macos-x86_64 1.0 26.00 OK
r-oldrel-windows-x86_64 1.0 5.00 47.00 52.00 OK

Check Details

Version: 1.0
Check: CRAN incoming feasibility
Result: NOTE Maintainer: ‘DongHyuk Lee <leedhyuk@gmail.com>’ No Authors@R field in DESCRIPTION. Please add one, modifying Authors@R: c(person(given = "DongHyuk", family = "Lee", role = c("aut", "cre"), email = "leedhyuk@gmail.com"), person(given = "Samiran", family = "Sinha", role = "aut")) as necessary. Flavors: r-devel-linux-x86_64-debian-clang, r-devel-linux-x86_64-debian-gcc