Last updated on 2025-02-21 03:52:27 CET.
Flavor | Version | Tinstall | Tcheck | Ttotal | Status | Flags |
---|---|---|---|---|---|---|
r-devel-linux-x86_64-debian-clang | 0.0.1 | 53.85 | 17.44 | 71.29 | OK | |
r-devel-linux-x86_64-debian-gcc | 0.0.1 | 43.62 | 15.08 | 58.70 | OK | |
r-devel-linux-x86_64-fedora-clang | 0.0.1 | 126.87 | OK | |||
r-devel-linux-x86_64-fedora-gcc | 0.0.1 | 115.16 | OK | |||
r-devel-macos-arm64 | 0.0.1 | 7.00 | ERROR | |||
r-devel-macos-x86_64 | 0.0.1 | 107.00 | OK | |||
r-devel-windows-x86_64 | 0.0.1 | 55.00 | 54.00 | 109.00 | OK | |
r-patched-linux-x86_64 | 0.0.1 | 54.16 | 17.15 | 71.31 | OK | |
r-release-linux-x86_64 | 0.0.1 | 54.28 | 17.15 | 71.43 | OK | |
r-release-macos-arm64 | 0.0.1 | 12.00 | ERROR | |||
r-release-macos-x86_64 | 0.0.1 | 115.00 | NOTE | |||
r-release-windows-x86_64 | 0.0.1 | 65.00 | 53.00 | 118.00 | OK | |
r-oldrel-macos-x86_64 | 0.0.1 | 62.00 | NOTE | |||
r-oldrel-windows-x86_64 | 0.0.1 | 57.00 | 61.00 | 118.00 | OK |
Version: 0.0.1
Check: whether package can be installed
Result: ERROR
Installation failed.
Flavors: r-devel-macos-arm64, r-release-macos-arm64
Version: 0.0.1
Check: installed package size
Result: NOTE
installed size is 6.7Mb
sub-directories of 1Mb or more:
libs 6.6Mb
Flavors: r-release-macos-x86_64, r-oldrel-macos-x86_64