Last updated on 2025-04-30 04:50:20 CEST.
Flavor | Version | Tinstall | Tcheck | Ttotal | Status | Flags |
---|---|---|---|---|---|---|
r-devel-linux-x86_64-debian-clang | 0.2.3 | 9.82 | 70.07 | 79.89 | NOTE | |
r-devel-linux-x86_64-debian-gcc | 0.2.3 | 7.01 | 50.71 | 57.72 | NOTE | |
r-devel-linux-x86_64-fedora-clang | 0.2.3 | 125.63 | OK | |||
r-devel-linux-x86_64-fedora-gcc | 0.2.3 | 129.20 | OK | |||
r-devel-windows-x86_64 | 0.2.3 | 10.00 | 82.00 | 92.00 | OK | |
r-patched-linux-x86_64 | 0.2.3 | 8.51 | 67.43 | 75.94 | OK | |
r-release-linux-x86_64 | 0.2.3 | 9.41 | 67.44 | 76.85 | OK | |
r-release-macos-arm64 | 0.2.3 | 38.00 | OK | |||
r-release-macos-x86_64 | 0.2.3 | 80.00 | OK | |||
r-release-windows-x86_64 | 0.2.3 | 10.00 | 81.00 | 91.00 | OK | |
r-oldrel-macos-arm64 | 0.2.3 | 35.00 | OK | |||
r-oldrel-macos-x86_64 | 0.2.3 | 72.00 | OK | |||
r-oldrel-windows-x86_64 | 0.2.3 | 14.00 | 95.00 | 109.00 | OK |
Version: 0.2.3
Check: CRAN incoming feasibility
Result: NOTE
Maintainer: ‘Lukas Beule <lukas.beule@julius-kuehn.de>’
Package CITATION file contains call(s) to old-style personList() or
as.personList(). Please use c() on person objects instead.
Package CITATION file contains call(s) to old-style citEntry(). Please
use bibentry() instead.
Flavors: r-devel-linux-x86_64-debian-clang, r-devel-linux-x86_64-debian-gcc