Last updated on 2025-04-30 04:50:20 CEST.
Flavor | Version | Tinstall | Tcheck | Ttotal | Status | Flags |
---|---|---|---|---|---|---|
r-devel-linux-x86_64-debian-clang | 0.99.7 | 25.40 | 249.86 | 275.26 | NOTE | |
r-devel-linux-x86_64-debian-gcc | 0.99.7 | 20.32 | 179.08 | 199.40 | OK | |
r-devel-linux-x86_64-fedora-clang | 0.99.7 | 410.51 | OK | |||
r-devel-linux-x86_64-fedora-gcc | 0.99.7 | 429.65 | OK | |||
r-devel-windows-x86_64 | 0.99.7 | 24.00 | 227.00 | 251.00 | OK | |
r-patched-linux-x86_64 | 0.99.7 | 21.57 | 230.96 | 252.53 | OK | |
r-release-linux-x86_64 | 0.99.7 | 19.12 | 233.30 | 252.42 | OK | |
r-release-macos-arm64 | 0.99.7 | 111.00 | OK | |||
r-release-macos-x86_64 | 0.99.7 | 215.00 | OK | |||
r-release-windows-x86_64 | 0.99.7 | 27.00 | 224.00 | 251.00 | OK | |
r-oldrel-macos-arm64 | 0.99.7 | 72.00 | OK | |||
r-oldrel-macos-x86_64 | 0.99.7 | 133.00 | OK | |||
r-oldrel-windows-x86_64 | 0.99.7 | 30.00 | 309.00 | 339.00 | OK |
Version: 0.99.7
Check: examples
Result: NOTE
Examples with CPU (user + system) or elapsed time > 5s
user system elapsed
srtsim_count_affine 6.695 0.084 7.160
visualize_gene 4.539 0.047 5.585
Flavor: r-devel-linux-x86_64-debian-clang