Last updated on 2025-04-30 04:50:20 CEST.
Flavor | Version | Tinstall | Tcheck | Ttotal | Status | Flags |
---|---|---|---|---|---|---|
r-devel-linux-x86_64-debian-clang | 2.0 | 13.29 | 120.10 | 133.39 | NOTE | |
r-devel-linux-x86_64-debian-gcc | 2.0 | 8.77 | 79.78 | 88.55 | NOTE | |
r-devel-linux-x86_64-fedora-clang | 2.0 | 202.17 | OK | |||
r-devel-linux-x86_64-fedora-gcc | 2.0 | 201.96 | OK | |||
r-devel-windows-x86_64 | 2.0 | 14.00 | 111.00 | 125.00 | OK | |
r-patched-linux-x86_64 | 2.0 | 11.61 | 110.95 | 122.56 | OK | |
r-release-linux-x86_64 | 2.0 | 13.69 | 110.55 | 124.24 | OK | |
r-release-macos-arm64 | 2.0 | 50.00 | OK | |||
r-release-macos-x86_64 | 2.0 | 119.00 | OK | |||
r-release-windows-x86_64 | 2.0 | 14.00 | 115.00 | 129.00 | OK | |
r-oldrel-macos-arm64 | 2.0 | 61.00 | OK | |||
r-oldrel-macos-x86_64 | 2.0 | 101.00 | OK | |||
r-oldrel-windows-x86_64 | 2.0 | 19.00 | 145.00 | 164.00 | OK |
Version: 2.0
Check: examples
Result: NOTE
Examples with CPU (user + system) or elapsed time > 5s
user system elapsed
SSGL_cv 7.694 0.047 10.366
SSGL 5.651 0.096 7.224
Flavor: r-devel-linux-x86_64-debian-clang
Version: 2.0
Check: examples
Result: NOTE
Examples with CPU (user + system) or elapsed time > 5s
user system elapsed
SSGL_cv 4.903 0.066 6.079
Flavor: r-devel-linux-x86_64-debian-gcc