Last updated on 2025-04-30 04:50:20 CEST.
Flavor | Version | Tinstall | Tcheck | Ttotal | Status | Flags |
---|---|---|---|---|---|---|
r-devel-linux-x86_64-debian-clang | 1.1.0 | 14.52 | 226.42 | 240.94 | NOTE | |
r-devel-linux-x86_64-debian-gcc | 1.1.0 | 10.63 | 158.50 | 169.13 | NOTE | |
r-devel-linux-x86_64-fedora-clang | 1.1.0 | 369.10 | OK | |||
r-devel-linux-x86_64-fedora-gcc | 1.1.0 | 385.17 | OK | |||
r-devel-windows-x86_64 | 1.1.0 | 15.00 | 211.00 | 226.00 | OK | |
r-patched-linux-x86_64 | 1.1.0 | 12.43 | 218.13 | 230.56 | OK | |
r-release-linux-x86_64 | 1.1.0 | 13.41 | 215.40 | 228.81 | OK | |
r-release-macos-arm64 | 1.1.0 | 119.00 | OK | |||
r-release-macos-x86_64 | 1.1.0 | 158.00 | OK | |||
r-release-windows-x86_64 | 1.1.0 | 16.00 | 212.00 | 228.00 | OK | |
r-oldrel-macos-arm64 | 1.1.0 | 98.00 | OK | |||
r-oldrel-macos-x86_64 | 1.1.0 | 164.00 | OK | |||
r-oldrel-windows-x86_64 | 1.1.0 | 19.00 | 284.00 | 303.00 | OK |
Version: 1.1.0
Check: examples
Result: NOTE
Examples with CPU (user + system) or elapsed time > 5s
user system elapsed
ssn_assemble 6.238 0.062 8.725
updist_sites 5.460 0.076 8.148
afv_sites 5.298 0.127 7.678
sites_to_lsn 4.838 0.094 6.634
Flavor: r-devel-linux-x86_64-debian-clang
Version: 1.1.0
Check: examples
Result: NOTE
Examples with CPU (user + system) or elapsed time > 5s
user system elapsed
ssn_assemble 4.083 0.041 5.236
sites_to_lsn 3.408 0.083 5.438
Flavor: r-devel-linux-x86_64-debian-gcc