Last updated on 2025-04-30 04:50:20 CEST.
Flavor | Version | Tinstall | Tcheck | Ttotal | Status | Flags |
---|---|---|---|---|---|---|
r-devel-linux-x86_64-debian-clang | 1.0.2 | 10.31 | 118.27 | 128.58 | NOTE | |
r-devel-linux-x86_64-debian-gcc | 1.0.2 | 6.26 | 78.59 | 84.85 | OK | |
r-devel-linux-x86_64-fedora-clang | 1.0.2 | 192.34 | OK | |||
r-devel-linux-x86_64-fedora-gcc | 1.0.2 | 210.15 | OK | |||
r-devel-windows-x86_64 | 1.0.2 | 11.00 | 120.00 | 131.00 | OK | |
r-patched-linux-x86_64 | 1.0.2 | 10.98 | 107.69 | 118.67 | OK | |
r-release-linux-x86_64 | 1.0.2 | 10.99 | 106.84 | 117.83 | OK | |
r-release-macos-arm64 | 1.0.2 | 59.00 | OK | |||
r-release-macos-x86_64 | 1.0.2 | 117.00 | OK | |||
r-release-windows-x86_64 | 1.0.2 | 12.00 | 118.00 | 130.00 | OK | |
r-oldrel-macos-arm64 | 1.0.2 | 63.00 | OK | |||
r-oldrel-macos-x86_64 | 1.0.2 | 122.00 | OK | |||
r-oldrel-windows-x86_64 | 1.0.2 | 14.00 | 153.00 | 167.00 | OK |
Version: 1.0.2
Check: examples
Result: NOTE
Examples with CPU (user + system) or elapsed time > 5s
user system elapsed
SSP-package 4.748 0.071 6.159
plot_ssp 4.113 0.064 5.274
summary_ssp 4.061 0.027 5.437
Flavor: r-devel-linux-x86_64-debian-clang