Last updated on 2025-04-30 04:50:21 CEST.
Flavor | Version | Tinstall | Tcheck | Ttotal | Status | Flags |
---|---|---|---|---|---|---|
r-devel-linux-x86_64-debian-clang | 1.0.2 | 1.86 | 41.16 | 43.02 | WARN | |
r-devel-linux-x86_64-debian-gcc | 1.0.2 | 1.45 | 29.11 | 30.56 | WARN | |
r-devel-linux-x86_64-fedora-clang | 1.0.2 | 70.79 | OK | |||
r-devel-linux-x86_64-fedora-gcc | 1.0.2 | 67.50 | OK | |||
r-devel-windows-x86_64 | 1.0.2 | 3.00 | 58.00 | 61.00 | OK | |
r-patched-linux-x86_64 | 1.0.2 | 1.81 | 39.50 | 41.31 | OK | |
r-release-linux-x86_64 | 1.0.2 | 1.88 | 39.41 | 41.29 | OK | |
r-release-macos-arm64 | 1.0.2 | 24.00 | OK | |||
r-release-macos-x86_64 | 1.0.2 | 39.00 | OK | |||
r-release-windows-x86_64 | 1.0.2 | 3.00 | 60.00 | 63.00 | OK | |
r-oldrel-macos-arm64 | 1.0.2 | 24.00 | OK | |||
r-oldrel-macos-x86_64 | 1.0.2 | 34.00 | OK | |||
r-oldrel-windows-x86_64 | 1.0.2 | 4.00 | 67.00 | 71.00 | OK |
Version: 1.0.2
Check: top-level files
Result: WARN
Conversion of ‘README.md’ failed:
Error parsing YAML metadata at "/home/hornik/tmp/R.check/r-devel-clang/Work/PKGS/STV/README.md" (line 26, column 1):
YAML parse exception at line 1, column 6,
while scanning a block scalar:
did not find expected comment or line break
Flavor: r-devel-linux-x86_64-debian-clang
Version: 1.0.2
Check: examples
Result: NOTE
Examples with CPU (user + system) or elapsed time > 5s
user system elapsed
stv 6.039 0.004 7.481
Flavor: r-devel-linux-x86_64-debian-clang
Version: 1.0.2
Check: top-level files
Result: WARN
Conversion of ‘README.md’ failed:
Error parsing YAML metadata at "/home/hornik/tmp/R.check/r-devel-gcc/Work/PKGS/STV/README.md" (line 26, column 1):
YAML parse exception at line 1, column 6,
while scanning a block scalar:
did not find expected comment or line break
Flavor: r-devel-linux-x86_64-debian-gcc
Version: 1.0.2
Check: examples
Result: NOTE
Examples with CPU (user + system) or elapsed time > 5s
user system elapsed
stv 3.901 0.005 5.052
Flavor: r-devel-linux-x86_64-debian-gcc