Last updated on 2025-04-30 04:50:21 CEST.
Flavor | Version | Tinstall | Tcheck | Ttotal | Status | Flags |
---|---|---|---|---|---|---|
r-devel-linux-x86_64-debian-clang | 0.2.0 | 9.26 | 90.87 | 100.13 | NOTE | |
r-devel-linux-x86_64-debian-gcc | 0.2.0 | 6.39 | 64.64 | 71.03 | NOTE | |
r-devel-linux-x86_64-fedora-clang | 0.2.0 | 130.83 | OK | |||
r-devel-linux-x86_64-fedora-gcc | 0.2.0 | 115.72 | OK | |||
r-devel-windows-x86_64 | 0.2.0 | 10.00 | 101.00 | 111.00 | OK | |
r-patched-linux-x86_64 | 0.2.0 | 9.71 | 85.33 | 95.04 | OK | |
r-release-linux-x86_64 | 0.2.0 | 8.11 | 85.90 | 94.01 | OK | |
r-release-macos-arm64 | 0.2.0 | 41.00 | OK | |||
r-release-macos-x86_64 | 0.2.0 | 119.00 | OK | |||
r-release-windows-x86_64 | 0.2.0 | 10.00 | 100.00 | 110.00 | OK | |
r-oldrel-macos-arm64 | 0.2.0 | 45.00 | NOTE | |||
r-oldrel-macos-x86_64 | 0.2.0 | 101.00 | NOTE | |||
r-oldrel-windows-x86_64 | 0.2.0 | 13.00 | 123.00 | 136.00 | NOTE |
Version: 0.2.0
Check: examples
Result: NOTE
Examples with CPU (user + system) or elapsed time > 5s
user system elapsed
demo_multiomics_analysis 8.338 0.767 10.782
plot_simData 5.385 0.277 7.053
Flavor: r-devel-linux-x86_64-debian-clang
Version: 0.2.0
Check: examples
Result: NOTE
Examples with CPU (user + system) or elapsed time > 5s
user system elapsed
demo_multiomics_analysis 5.757 0.393 7.431
Flavor: r-devel-linux-x86_64-debian-gcc
Version: 0.2.0
Check: package dependencies
Result: NOTE
Packages suggested but not available for checking: 'MOFAdata', 'MOFA2'
Flavor: r-oldrel-macos-arm64
Version: 0.2.0
Check: package dependencies
Result: NOTE
Packages suggested but not available for checking:
'MOFAdata', 'MOFA2', 'basilisk'
Flavor: r-oldrel-macos-x86_64
Version: 0.2.0
Check: package dependencies
Result: NOTE
Package suggested but not available for checking: 'MOFAdata'
Flavor: r-oldrel-windows-x86_64