CRAN Package Check Results for Package SUNGEO

Last updated on 2025-04-30 04:50:21 CEST.

Flavor Version Tinstall Tcheck Ttotal Status Flags
r-devel-linux-x86_64-debian-clang 1.3.0 42.51 313.35 355.86 NOTE
r-devel-linux-x86_64-debian-gcc 1.3.0 24.91 199.54 224.45 NOTE
r-devel-linux-x86_64-fedora-clang 1.3.0 598.97 OK
r-devel-linux-x86_64-fedora-gcc 1.3.0 563.99 OK
r-devel-windows-x86_64 1.3.0 37.00 240.00 277.00 OK
r-patched-linux-x86_64 1.3.0 36.97 292.94 329.91 OK
r-release-linux-x86_64 1.3.0 35.85 294.16 330.01 OK
r-release-macos-arm64 1.3.0 113.00 OK
r-release-macos-x86_64 1.3.0 256.00 OK
r-release-windows-x86_64 1.3.0 37.00 240.00 277.00 OK
r-oldrel-macos-arm64 1.3.0 113.00 OK
r-oldrel-macos-x86_64 1.3.0 198.00 OK
r-oldrel-windows-x86_64 1.3.0 50.00 343.00 393.00 OK

Check Details

Version: 1.3.0
Check: CRAN incoming feasibility
Result: NOTE Maintainer: ‘Yuri M. Zhukov <zhukov@umich.edu>’ No Authors@R field in DESCRIPTION. Please add one, modifying Authors@R: c(person(given = c("Yuri", "M."), family = "Zhukov", role = c("aut", "cre"), email = "zhukov@umich.edu"), person(given = "Jason", family = "Byers", role = "aut"), person(given = "Marty", family = "Davidson", role = "aut")) as necessary. Flavors: r-devel-linux-x86_64-debian-clang, r-devel-linux-x86_64-debian-gcc