CRAN Package Check Results for Package SVN

Last updated on 2025-04-30 04:50:21 CEST.

Flavor Version Tinstall Tcheck Ttotal Status Flags
r-devel-linux-x86_64-debian-clang 1.0.1 3.04 27.91 30.95 NOTE
r-devel-linux-x86_64-debian-gcc 1.0.1 2.27 21.73 24.00 NOTE
r-devel-linux-x86_64-fedora-clang 1.0.1 49.27 OK
r-devel-linux-x86_64-fedora-gcc 1.0.1 46.40 OK
r-devel-windows-x86_64 1.0.1 4.00 47.00 51.00 OK
r-patched-linux-x86_64 1.0.1 3.08 27.17 30.25 OK
r-release-linux-x86_64 1.0.1 2.34 27.20 29.54 OK
r-release-macos-arm64 1.0.1 24.00 OK
r-release-macos-x86_64 1.0.1 32.00 OK
r-release-windows-x86_64 1.0.1 5.00 50.00 55.00 OK
r-oldrel-macos-arm64 1.0.1 20.00 OK
r-oldrel-macos-x86_64 1.0.1 28.00 OK
r-oldrel-windows-x86_64 1.0.1 5.00 51.00 56.00 OK

Check Details

Version: 1.0.1
Check: CRAN incoming feasibility
Result: NOTE Maintainer: ‘Damien Challet <damien.challet@gmail.com>’ No Authors@R field in DESCRIPTION. Please add one, modifying Authors@R: person(given = "Damien", family = "Challet", role = c("aut", "cre"), email = "damien.challet@gmail.com") as necessary. Flavors: r-devel-linux-x86_64-debian-clang, r-devel-linux-x86_64-debian-gcc