CRAN Package Check Results for Package ScaleSpikeSlab

Last updated on 2025-04-30 04:50:18 CEST.

Flavor Version Tinstall Tcheck Ttotal Status Flags
r-devel-linux-x86_64-debian-clang 1.0 19.13 44.56 63.69 NOTE
r-devel-linux-x86_64-debian-gcc 1.0 13.93 34.00 47.93 NOTE
r-devel-linux-x86_64-fedora-clang 1.0 112.04 OK
r-devel-linux-x86_64-fedora-gcc 1.0 106.77 OK
r-devel-windows-x86_64 1.0 26.00 98.00 124.00 OK
r-patched-linux-x86_64 1.0 18.89 44.48 63.37 OK
r-release-linux-x86_64 1.0 21.26 45.80 67.06 OK
r-release-macos-arm64 1.0 41.00 OK
r-release-macos-x86_64 1.0 76.00 OK
r-release-windows-x86_64 1.0 25.00 92.00 117.00 OK
r-oldrel-macos-arm64 1.0 36.00 OK
r-oldrel-macos-x86_64 1.0 62.00 OK
r-oldrel-windows-x86_64 1.0 29.00 109.00 138.00 OK

Check Details

Version: 1.0
Check: CRAN incoming feasibility
Result: NOTE Maintainer: ‘Niloy Biswas <niloy_biswas@g.harvard.edu>’ The Description field contains <arXiv:2204.01668>. Please refer to arXiv e-prints via their arXiv DOI <doi:10.48550/arXiv.YYMM.NNNNN>. Flavors: r-devel-linux-x86_64-debian-clang, r-devel-linux-x86_64-debian-gcc

Version: 1.0
Check: examples
Result: NOTE Examples with CPU (user + system) or elapsed time > 5s user system elapsed spike_slab_logistic 7.421 0.019 9.368 Flavor: r-devel-linux-x86_64-debian-clang

Version: 1.0
Check: examples
Result: NOTE Examples with CPU (user + system) or elapsed time > 5s user system elapsed spike_slab_logistic 5.436 0.004 6.401 Flavor: r-devel-linux-x86_64-debian-gcc