Last updated on 2025-04-30 04:50:18 CEST.
Flavor | Version | Tinstall | Tcheck | Ttotal | Status | Flags |
---|---|---|---|---|---|---|
r-devel-linux-x86_64-debian-clang | 0.2.4 | 11.45 | 97.91 | 109.36 | NOTE | |
r-devel-linux-x86_64-debian-gcc | 0.2.4 | 6.26 | 67.71 | 73.97 | OK | |
r-devel-linux-x86_64-fedora-clang | 0.2.4 | 164.20 | OK | |||
r-devel-linux-x86_64-fedora-gcc | 0.2.4 | 164.18 | OK | |||
r-devel-windows-x86_64 | 0.2.4 | 14.00 | 107.00 | 121.00 | OK | |
r-patched-linux-x86_64 | 0.2.4 | 12.53 | 91.25 | 103.78 | OK | |
r-release-linux-x86_64 | 0.2.4 | 11.64 | 92.12 | 103.76 | OK | |
r-release-macos-arm64 | 0.2.4 | 58.00 | OK | |||
r-release-macos-x86_64 | 0.2.4 | 96.00 | OK | |||
r-release-windows-x86_64 | 0.2.4 | 13.00 | 109.00 | 122.00 | OK | |
r-oldrel-macos-arm64 | 0.2.4 | 61.00 | OK | |||
r-oldrel-macos-x86_64 | 0.2.4 | 96.00 | OK | |||
r-oldrel-windows-x86_64 | 0.2.4 | 18.00 | 136.00 | 154.00 | OK |
Version: 0.2.4
Check: examples
Result: NOTE
Examples with CPU (user + system) or elapsed time > 5s
user system elapsed
Map_DB 5.41 0.087 7.332
Flavor: r-devel-linux-x86_64-debian-clang