Last updated on 2025-04-30 04:50:18 CEST.
Flavor | Version | Tinstall | Tcheck | Ttotal | Status | Flags |
---|---|---|---|---|---|---|
r-devel-linux-x86_64-debian-clang | 2.0.3 | 8.48 | 65.91 | 74.39 | NOTE | |
r-devel-linux-x86_64-debian-gcc | 2.0.3 | 5.83 | 47.10 | 52.93 | NOTE | |
r-devel-linux-x86_64-fedora-clang | 2.0.3 | 102.00 | OK | |||
r-devel-linux-x86_64-fedora-gcc | 2.0.3 | 98.18 | OK | |||
r-devel-windows-x86_64 | 2.0.3 | 10.00 | 76.00 | 86.00 | OK | |
r-patched-linux-x86_64 | 2.0.3 | 7.53 | 61.23 | 68.76 | OK | |
r-release-linux-x86_64 | 2.0.3 | 7.60 | 61.35 | 68.95 | OK | |
r-release-macos-arm64 | 2.0.3 | 31.00 | OK | |||
r-release-macos-x86_64 | 2.0.3 | 55.00 | OK | |||
r-release-windows-x86_64 | 2.0.3 | 11.00 | 76.00 | 87.00 | OK | |
r-oldrel-macos-arm64 | 2.0.3 | 33.00 | OK | |||
r-oldrel-macos-x86_64 | 2.0.3 | 45.00 | OK | |||
r-oldrel-windows-x86_64 | 2.0.3 | 12.00 | 97.00 | 109.00 | OK |
Version: 2.0.3
Check: CRAN incoming feasibility
Result: NOTE
Maintainer: ‘Chakkrit Tantithamthavorn <kla@chakkrit.com>’
No Authors@R field in DESCRIPTION.
Please add one, modifying
Authors@R: person(given = "Chakkrit",
family = "Tantithamthavorn",
role = c("aut", "cre"),
email = "kla@chakkrit.com")
as necessary.
Flavors: r-devel-linux-x86_64-debian-clang, r-devel-linux-x86_64-debian-gcc