CRAN Package Check Results for Package ScreeNOT

Last updated on 2025-04-30 04:50:18 CEST.

Flavor Version Tinstall Tcheck Ttotal Status Flags
r-devel-linux-x86_64-debian-clang 0.1.0 1.61 21.31 22.92 NOTE
r-devel-linux-x86_64-debian-gcc 0.1.0 1.41 19.37 20.78 NOTE
r-devel-linux-x86_64-fedora-clang 0.1.0 36.97 OK
r-devel-linux-x86_64-fedora-gcc 0.1.0 40.14 OK
r-devel-windows-x86_64 0.1.0 3.00 45.00 48.00 OK
r-patched-linux-x86_64 0.1.0 1.58 24.23 25.81 OK
r-release-linux-x86_64 0.1.0 1.50 24.22 25.72 OK
r-release-macos-arm64 0.1.0 20.00 OK
r-release-macos-x86_64 0.1.0 33.00 OK
r-release-windows-x86_64 0.1.0 3.00 46.00 49.00 OK
r-oldrel-macos-arm64 0.1.0 18.00 OK
r-oldrel-macos-x86_64 0.1.0 27.00 OK
r-oldrel-windows-x86_64 0.1.0 3.00 47.00 50.00 OK

Check Details

Version: 0.1.0
Check: CRAN incoming feasibility
Result: NOTE Maintainer: ‘Elad Romanov <elad.romanov@gmail.com>’ The Description field contains appear). <arXiv:2009.12297>. Please refer to arXiv e-prints via their arXiv DOI <doi:10.48550/arXiv.YYMM.NNNNN>. Flavors: r-devel-linux-x86_64-debian-clang, r-devel-linux-x86_64-debian-gcc

Version: 0.1.0
Check: examples
Result: NOTE Examples with CPU (user + system) or elapsed time > 5s user system elapsed adaptiveHardThresholding 4.743 0.031 5.866 Flavor: r-devel-linux-x86_64-debian-gcc