Last updated on 2025-04-30 04:50:19 CEST.
Flavor | Version | Tinstall | Tcheck | Ttotal | Status | Flags |
---|---|---|---|---|---|---|
r-devel-linux-x86_64-debian-clang | 1.0.0 | 14.43 | 258.87 | 273.30 | NOTE | |
r-devel-linux-x86_64-debian-gcc | 1.0.0 | 9.09 | 179.29 | 188.38 | NOTE | |
r-devel-linux-x86_64-fedora-clang | 1.0.0 | 430.81 | OK | |||
r-devel-linux-x86_64-fedora-gcc | 1.0.0 | 444.03 | OK | |||
r-devel-windows-x86_64 | 1.0.0 | 16.00 | 313.00 | 329.00 | OK | |
r-patched-linux-x86_64 | 1.0.0 | 14.01 | 235.50 | 249.51 | OK | |
r-release-linux-x86_64 | 1.0.0 | 12.71 | 237.37 | 250.08 | OK | |
r-release-macos-arm64 | 1.0.0 | 121.00 | OK | |||
r-release-macos-x86_64 | 1.0.0 | 238.00 | OK | |||
r-release-windows-x86_64 | 1.0.0 | 16.00 | 328.00 | 344.00 | OK | |
r-oldrel-macos-arm64 | 1.0.0 | 117.00 | OK | |||
r-oldrel-macos-x86_64 | 1.0.0 | 175.00 | OK | |||
r-oldrel-windows-x86_64 | 1.0.0 | 17.00 | 422.00 | 439.00 | OK |
Version: 1.0.0
Check: CRAN incoming feasibility
Result: NOTE
Maintainer: ‘Dan Kowal <daniel.r.kowal@gmail.com>’
The Description field contains
<arXiv:2306.05498>.
Please refer to arXiv e-prints via their arXiv DOI <doi:10.48550/arXiv.YYMM.NNNNN>.
Flavors: r-devel-linux-x86_64-debian-clang, r-devel-linux-x86_64-debian-gcc
Version: 1.0.0
Check: examples
Result: NOTE
Examples with CPU (user + system) or elapsed time > 5s
user system elapsed
bqr 4.18 0.127 5.384
Flavor: r-devel-linux-x86_64-debian-clang