Last updated on 2025-04-30 04:50:19 CEST.
Flavor | Version | Tinstall | Tcheck | Ttotal | Status | Flags |
---|---|---|---|---|---|---|
r-devel-linux-x86_64-debian-clang | 1.2.0 | 11.95 | 79.58 | 91.53 | OK | |
r-devel-linux-x86_64-debian-gcc | 1.2.0 | 8.12 | 54.37 | 62.49 | OK | |
r-devel-linux-x86_64-fedora-clang | 1.2.0 | 130.74 | OK | |||
r-devel-linux-x86_64-fedora-gcc | 1.2.0 | 120.44 | OK | |||
r-devel-windows-x86_64 | 1.2.0 | 16.00 | 98.00 | 114.00 | OK | |
r-patched-linux-x86_64 | 1.2.0 | 12.73 | 69.79 | 82.52 | OK | |
r-release-linux-x86_64 | 1.2.0 | 12.74 | 69.73 | 82.47 | OK | |
r-release-macos-arm64 | 1.2.0 | 38.00 | OK | |||
r-release-macos-x86_64 | 1.2.0 | 71.00 | OK | |||
r-release-windows-x86_64 | 1.2.0 | 16.00 | 100.00 | 116.00 | OK | |
r-oldrel-macos-arm64 | 1.2.0 | 36.00 | NOTE | |||
r-oldrel-macos-x86_64 | 1.2.0 | 96.00 | NOTE | |||
r-oldrel-windows-x86_64 | 1.2.0 | 22.00 | 119.00 | 141.00 | NOTE |
Version: 1.2.0
Check: installed package size
Result: NOTE
installed size is 19.3Mb
sub-directories of 1Mb or more:
extdata 18.0Mb
Flavors: r-oldrel-macos-arm64, r-oldrel-macos-x86_64, r-oldrel-windows-x86_64