Last updated on 2025-07-05 04:50:26 CEST.
Flavor | Version | Tinstall | Tcheck | Ttotal | Status | Flags |
---|---|---|---|---|---|---|
r-devel-linux-x86_64-debian-clang | 6.0.0 | 73.19 | 395.24 | 468.43 | OK | |
r-devel-linux-x86_64-debian-gcc | 6.0.0 | 53.04 | 304.50 | 357.54 | OK | |
r-devel-linux-x86_64-fedora-clang | 6.0.0 | 771.44 | OK | |||
r-devel-linux-x86_64-fedora-gcc | 6.0.0 | 785.48 | OK | |||
r-devel-windows-x86_64 | 6.0.0 | 79.00 | 468.00 | 547.00 | OK | |
r-patched-linux-x86_64 | 6.0.0 | 76.37 | 390.78 | 467.15 | OK | |
r-release-linux-x86_64 | 6.0.0 | 76.21 | 390.51 | 466.72 | OK | |
r-release-macos-arm64 | 6.0.0 | 196.00 | OK | |||
r-release-macos-x86_64 | 6.0.0 | 391.00 | OK | |||
r-release-windows-x86_64 | 6.0.0 | 80.00 | 466.00 | 546.00 | OK | |
r-oldrel-macos-arm64 | 6.0.0 | 217.00 | NOTE | |||
r-oldrel-macos-x86_64 | 6.0.0 | 365.00 | NOTE | |||
r-oldrel-windows-x86_64 | 6.0.0 | 101.00 | 594.00 | 695.00 | OK |
Version: 6.0.0
Check: installed package size
Result: NOTE
installed size is 6.0Mb
sub-directories of 1Mb or more:
libs 3.9Mb
Flavors: r-oldrel-macos-arm64, r-oldrel-macos-x86_64