Last updated on 2025-04-30 04:50:19 CEST.
Flavor | Version | Tinstall | Tcheck | Ttotal | Status | Flags |
---|---|---|---|---|---|---|
r-devel-linux-x86_64-debian-clang | 1.1.3 | 1.95 | 33.77 | 35.72 | NOTE | |
r-devel-linux-x86_64-debian-gcc | 1.1.3 | 1.56 | 24.91 | 26.47 | NOTE | |
r-devel-linux-x86_64-fedora-clang | 1.1.3 | 58.88 | NOTE | |||
r-devel-linux-x86_64-fedora-gcc | 1.1.3 | 70.13 | NOTE | |||
r-devel-windows-x86_64 | 1.1.3 | 3.00 | 53.00 | 56.00 | NOTE | |
r-patched-linux-x86_64 | 1.1.3 | 1.97 | 32.24 | 34.21 | NOTE | |
r-release-linux-x86_64 | 1.1.3 | 2.13 | 32.41 | 34.54 | NOTE | |
r-release-macos-arm64 | 1.1.3 | 41.00 | NOTE | |||
r-release-macos-x86_64 | 1.1.3 | 48.00 | NOTE | |||
r-release-windows-x86_64 | 1.1.3 | 4.00 | 53.00 | 57.00 | NOTE | |
r-oldrel-macos-arm64 | 1.1.3 | 27.00 | NOTE | |||
r-oldrel-macos-x86_64 | 1.1.3 | 38.00 | NOTE | |||
r-oldrel-windows-x86_64 | 1.1.3 | 3.00 | 63.00 | 66.00 | NOTE |
Version: 1.1.3
Check: CRAN incoming feasibility
Result: NOTE
Maintainer: ‘Jinhua Su <944866518@qq.com>’
The Description field contains
method<arXiv:2108.07928> is an improved method of two-step NR iteration
Please refer to arXiv e-prints via their arXiv DOI <doi:10.48550/arXiv.YYMM.NNNNN>.
Flavors: r-devel-linux-x86_64-debian-clang, r-devel-linux-x86_64-debian-gcc
Version: 1.1.3
Check: package subdirectories
Result: NOTE
Problems with news in ‘NEWS.md’:
No news entries found.
Flavors: r-devel-linux-x86_64-debian-clang, r-devel-linux-x86_64-debian-gcc, r-devel-linux-x86_64-fedora-clang, r-devel-linux-x86_64-fedora-gcc, r-devel-windows-x86_64, r-patched-linux-x86_64, r-release-linux-x86_64, r-release-macos-arm64, r-release-macos-x86_64, r-release-windows-x86_64, r-oldrel-macos-arm64, r-oldrel-macos-x86_64, r-oldrel-windows-x86_64