CRAN Package Check Results for Package SenSpe

Last updated on 2025-04-30 04:50:19 CEST.

Flavor Version Tinstall Tcheck Ttotal Status Flags
r-devel-linux-x86_64-debian-clang 1.3 3.30 22.39 25.69 NOTE
r-devel-linux-x86_64-debian-gcc 1.3 2.46 18.14 20.60 NOTE
r-devel-linux-x86_64-fedora-clang 1.3 42.10 OK
r-devel-linux-x86_64-fedora-gcc 1.3 54.65 OK
r-devel-windows-x86_64 1.3 6.00 46.00 52.00 OK
r-patched-linux-x86_64 1.3 3.19 21.82 25.01 OK
r-release-linux-x86_64 1.3 3.21 21.86 25.07 OK
r-release-macos-arm64 1.3 39.00 OK
r-release-macos-x86_64 1.3 45.00 OK
r-release-windows-x86_64 1.3 5.00 48.00 53.00 OK
r-oldrel-macos-arm64 1.3 23.00 OK
r-oldrel-macos-x86_64 1.3 41.00 OK
r-oldrel-windows-x86_64 1.3 6.00 48.00 54.00 OK

Check Details

Version: 1.3
Check: CRAN incoming feasibility
Result: NOTE Maintainer: ‘Yijian Huang <yhuang5@emory.edu>’ No Authors@R field in DESCRIPTION. Please add one, modifying Authors@R: person(given = "Yijian", family = "Huang", role = c("aut", "cre"), email = "yhuang5@emory.edu") as necessary. Flavors: r-devel-linux-x86_64-debian-clang, r-devel-linux-x86_64-debian-gcc