Last updated on 2025-04-29 04:50:18 CEST.
Flavor | Version | Tinstall | Tcheck | Ttotal | Status | Flags |
---|---|---|---|---|---|---|
r-devel-linux-x86_64-debian-clang | 4.1 | 29.15 | 211.30 | 240.45 | OK | |
r-devel-linux-x86_64-debian-gcc | 4.1 | 18.31 | 135.03 | 153.34 | NOTE | |
r-devel-linux-x86_64-fedora-clang | 4.1 | 381.66 | OK | |||
r-devel-linux-x86_64-fedora-gcc | 4.1 | 387.46 | OK | |||
r-devel-windows-x86_64 | 4.1 | 33.00 | 212.00 | 245.00 | OK | |
r-patched-linux-x86_64 | 4.1 | 25.17 | 208.83 | 234.00 | OK | |
r-release-linux-x86_64 | 4.1 | 29.76 | 206.58 | 236.34 | OK | |
r-release-macos-arm64 | 4.1 | 105.00 | OK | |||
r-release-macos-x86_64 | 4.1 | 190.00 | OK | |||
r-release-windows-x86_64 | 4.1 | 34.00 | 214.00 | 248.00 | OK | |
r-oldrel-macos-arm64 | 4.1 | 87.00 | OK | |||
r-oldrel-macos-x86_64 | 4.1 | 180.00 | OK | |||
r-oldrel-windows-x86_64 | 4.1 | 46.00 | 281.00 | 327.00 | OK |
Version: 4.1
Check: examples
Result: NOTE
Examples with CPU (user + system) or elapsed time > 5s
user system elapsed
pimplot 4.21 0.054 5.604
Flavor: r-devel-linux-x86_64-debian-gcc