Last updated on 2025-04-30 04:50:19 CEST.
Flavor | Version | Tinstall | Tcheck | Ttotal | Status | Flags |
---|---|---|---|---|---|---|
r-devel-linux-x86_64-debian-clang | 5.3.0 | 110.88 | 700.62 | 811.50 | OK | |
r-devel-linux-x86_64-debian-gcc | 5.3.0 | 76.91 | 460.12 | 537.03 | OK | |
r-devel-linux-x86_64-fedora-clang | 5.3.0 | 1398.35 | OK | |||
r-devel-linux-x86_64-fedora-gcc | 5.3.0 | 1348.16 | OK | |||
r-devel-windows-x86_64 | 5.3.0 | 127.00 | 840.00 | 967.00 | OK | |
r-patched-linux-x86_64 | 5.3.0 | 123.71 | 676.60 | 800.31 | OK | |
r-release-linux-x86_64 | 5.3.0 | 113.29 | 672.25 | 785.54 | OK | |
r-release-macos-arm64 | 5.3.0 | 232.00 | OK | |||
r-release-macos-x86_64 | 5.3.0 | 443.00 | OK | |||
r-release-windows-x86_64 | 5.3.0 | 128.00 | 798.00 | 926.00 | OK | |
r-oldrel-macos-arm64 | 5.3.0 | 276.00 | NOTE | |||
r-oldrel-macos-x86_64 | 5.3.0 | 507.00 | NOTE | |||
r-oldrel-windows-x86_64 | 5.3.0 | 147.00 | 1126.00 | 1273.00 | NOTE |
Version: 5.3.0
Check: package dependencies
Result: NOTE
Packages suggested but not available for checking: 'BPCells', 'presto'
Flavors: r-oldrel-macos-arm64, r-oldrel-windows-x86_64
Version: 5.3.0
Check: installed package size
Result: NOTE
installed size is 11.3Mb
sub-directories of 1Mb or more:
R 2.0Mb
libs 8.3Mb
Flavors: r-oldrel-macos-arm64, r-oldrel-macos-x86_64
Version: 5.3.0
Check: package dependencies
Result: NOTE
Packages suggested but not available for checking:
'BPCells', 'monocle', 'presto'
Flavor: r-oldrel-macos-x86_64