Last updated on 2025-04-30 04:50:19 CEST.
Flavor | Version | Tinstall | Tcheck | Ttotal | Status | Flags |
---|---|---|---|---|---|---|
r-devel-linux-x86_64-debian-clang | 1.1.0 | 7.64 | 55.94 | 63.58 | NOTE | |
r-devel-linux-x86_64-debian-gcc | 1.1.0 | 5.16 | 39.24 | 44.40 | OK | |
r-devel-linux-x86_64-fedora-clang | 1.1.0 | 98.64 | OK | |||
r-devel-linux-x86_64-fedora-gcc | 1.1.0 | 99.82 | OK | |||
r-devel-windows-x86_64 | 1.1.0 | 10.00 | 68.00 | 78.00 | OK | |
r-patched-linux-x86_64 | 1.1.0 | 7.72 | 52.66 | 60.38 | OK | |
r-release-linux-x86_64 | 1.1.0 | 5.77 | 52.07 | 57.84 | OK | |
r-release-macos-arm64 | 1.1.0 | 53.00 | OK | |||
r-release-macos-x86_64 | 1.1.0 | 53.00 | OK | |||
r-release-windows-x86_64 | 1.1.0 | 10.00 | 69.00 | 79.00 | OK | |
r-oldrel-macos-arm64 | 1.1.0 | 31.00 | OK | |||
r-oldrel-macos-x86_64 | 1.1.0 | 44.00 | OK | |||
r-oldrel-windows-x86_64 | 1.1.0 | 12.00 | 83.00 | 95.00 | OK |
Version: 1.1.0
Check: examples
Result: NOTE
Examples with CPU (user + system) or elapsed time > 5s
user system elapsed
Simulate_F_critical 3.785 0.073 5.179
Flavor: r-devel-linux-x86_64-debian-clang