Last updated on 2025-04-30 04:50:19 CEST.
Flavor | Version | Tinstall | Tcheck | Ttotal | Status | Flags |
---|---|---|---|---|---|---|
r-devel-linux-x86_64-debian-clang | 0.4.2 | 8.40 | 111.97 | 120.37 | NOTE | |
r-devel-linux-x86_64-debian-gcc | 0.4.2 | 6.39 | 82.04 | 88.43 | OK | |
r-devel-linux-x86_64-fedora-clang | 0.4.2 | 183.63 | OK | |||
r-devel-linux-x86_64-fedora-gcc | 0.4.2 | 198.01 | OK | |||
r-devel-windows-x86_64 | 0.4.2 | 12.00 | 112.00 | 124.00 | OK | |
r-patched-linux-x86_64 | 0.4.2 | 8.74 | 109.97 | 118.71 | OK | |
r-release-linux-x86_64 | 0.4.2 | 9.10 | 109.47 | 118.57 | OK | |
r-release-macos-arm64 | 0.4.2 | 60.00 | OK | |||
r-release-macos-x86_64 | 0.4.2 | 111.00 | OK | |||
r-release-windows-x86_64 | 0.4.2 | 11.00 | 117.00 | 128.00 | OK | |
r-oldrel-macos-arm64 | 0.4.2 | 63.00 | OK | |||
r-oldrel-macos-x86_64 | 0.4.2 | 151.00 | OK | |||
r-oldrel-windows-x86_64 | 0.4.2 | 14.00 | 144.00 | 158.00 | OK |
Version: 0.4.2
Check: examples
Result: NOTE
Examples with CPU (user + system) or elapsed time > 5s
user system elapsed
02-RandomSillyPutty 4.176 0.017 5.114
Flavor: r-devel-linux-x86_64-debian-clang