CRAN Package Check Results for Package SimEUCartelLaw

Last updated on 2025-04-30 04:50:19 CEST.

Flavor Version Tinstall Tcheck Ttotal Status Flags
r-devel-linux-x86_64-debian-clang 1.0.3 2.61 30.38 32.99 OK
r-devel-linux-x86_64-debian-gcc 1.0.3 2.22 29.41 31.63 NOTE
r-devel-linux-x86_64-fedora-clang 1.0.3 61.26 OK
r-devel-linux-x86_64-fedora-gcc 1.0.3 60.34 OK
r-devel-windows-x86_64 1.0.3 6.00 46.00 52.00 OK
r-patched-linux-x86_64 1.0.3 2.67 30.04 32.71 OK
r-release-linux-x86_64 1.0.3 2.69 30.43 33.12 OK
r-release-macos-arm64 1.0.3 45.00 OK
r-release-macos-x86_64 1.0.3 60.00 OK
r-release-windows-x86_64 1.0.3 6.00 49.00 55.00 OK
r-oldrel-macos-arm64 1.0.3 31.00 OK
r-oldrel-macos-x86_64 1.0.3 42.00 OK
r-oldrel-windows-x86_64 1.0.3 6.00 48.00 54.00 OK

Check Details

Version: 1.0.3
Check: examples
Result: NOTE Examples with CPU (user + system) or elapsed time > 5s user system elapsed SimEUCartelLawpackage 1.151 3.492 5.037 Flavor: r-devel-linux-x86_64-debian-gcc