Last updated on 2025-11-03 03:49:56 CET.
| Flavor | Version | Tinstall | Tcheck | Ttotal | Status | Flags |
|---|---|---|---|---|---|---|
| r-devel-linux-x86_64-debian-clang | 1.0.2 | 32.90 | 289.38 | 322.28 | OK | |
| r-devel-linux-x86_64-debian-gcc | 1.0.2 | 24.08 | 145.38 | 169.46 | OK | |
| r-devel-linux-x86_64-fedora-clang | 1.0.2 | 52.00 | 462.43 | 514.43 | OK | |
| r-devel-linux-x86_64-fedora-gcc | 1.0.2 | 90.00 | 440.33 | 530.33 | OK | |
| r-devel-windows-x86_64 | 1.0.2 | 39.00 | 244.00 | 283.00 | OK | |
| r-patched-linux-x86_64 | 1.0.2 | 35.79 | 261.89 | 297.68 | OK | |
| r-release-linux-x86_64 | 1.0.2 | 34.48 | 239.66 | 274.14 | OK | |
| r-release-macos-arm64 | 1.0.2 | 15.00 | 102.00 | 117.00 | OK | |
| r-release-macos-x86_64 | 1.0.2 | 24.00 | 232.00 | 256.00 | OK | |
| r-release-windows-x86_64 | 1.0.2 | 36.00 | 247.00 | 283.00 | OK | |
| r-oldrel-macos-arm64 | 1.0.2 | 13.00 | 96.00 | 109.00 | NOTE | |
| r-oldrel-macos-x86_64 | 1.0.2 | 41.00 | 260.00 | 301.00 | NOTE | |
| r-oldrel-windows-x86_64 | 1.0.2 | 45.00 | 343.00 | 388.00 | OK |
Version: 1.0.2
Check: installed package size
Result: NOTE
installed size is 5.7Mb
sub-directories of 1Mb or more:
libs 4.9Mb
Flavors: r-oldrel-macos-arm64, r-oldrel-macos-x86_64