CRAN Package Check Results for Package SlidingWindows

Last updated on 2025-04-30 04:50:19 CEST.

Flavor Version Tinstall Tcheck Ttotal Status Flags
r-devel-linux-x86_64-debian-clang 0.2.0 8.30 62.38 70.68 NOTE
r-devel-linux-x86_64-debian-gcc 0.2.0 5.49 47.24 52.73 NOTE
r-devel-linux-x86_64-fedora-clang 0.2.0 110.68 OK
r-devel-linux-x86_64-fedora-gcc 0.2.0 112.34 OK
r-devel-windows-x86_64 0.2.0 9.00 74.00 83.00 OK
r-patched-linux-x86_64 0.2.0 6.50 60.66 67.16 OK
r-release-linux-x86_64 0.2.0 8.06 61.18 69.24 OK
r-release-macos-arm64 0.2.0 37.00 OK
r-release-macos-x86_64 0.2.0 67.00 OK
r-release-windows-x86_64 0.2.0 9.00 73.00 82.00 OK
r-oldrel-macos-arm64 0.2.0 33.00 OK
r-oldrel-macos-x86_64 0.2.0 51.00 OK
r-oldrel-windows-x86_64 0.2.0 10.00 93.00 103.00 OK

Check Details

Version: 0.2.0
Check: CRAN incoming feasibility
Result: NOTE Maintainer: ‘Everaldo Freitas Guedes <efgestatistico@gmail.com>’ The BugReports field in DESCRIPTION has https://github.com/efguedes/SlidingWindows which should likely be https://github.com/efguedes/SlidingWindows/issues instead. Flavors: r-devel-linux-x86_64-debian-clang, r-devel-linux-x86_64-debian-gcc