Last updated on 2025-02-21 03:52:26 CET.
Flavor | Version | Tinstall | Tcheck | Ttotal | Status | Flags |
---|---|---|---|---|---|---|
r-devel-linux-x86_64-debian-clang | 0.3.10 | 8.94 | 155.07 | 164.01 | OK | |
r-devel-linux-x86_64-debian-gcc | 0.3.10 | 6.37 | 104.92 | 111.29 | OK | |
r-devel-linux-x86_64-fedora-clang | 0.3.10 | 264.78 | NOTE | |||
r-devel-linux-x86_64-fedora-gcc | 0.3.10 | 250.23 | NOTE | |||
r-devel-macos-arm64 | 0.3.10 | 72.00 | OK | |||
r-devel-macos-x86_64 | 0.3.10 | 125.00 | OK | |||
r-devel-windows-x86_64 | 0.3.10 | 9.00 | 142.00 | 151.00 | OK | |
r-patched-linux-x86_64 | 0.3.10 | 9.45 | 141.06 | 150.51 | OK | |
r-release-linux-x86_64 | 0.3.10 | 7.72 | 140.35 | 148.07 | OK | |
r-release-macos-arm64 | 0.3.10 | 61.00 | OK | |||
r-release-macos-x86_64 | 0.3.10 | 113.00 | OK | |||
r-release-windows-x86_64 | 0.3.10 | 10.00 | 138.00 | 148.00 | OK | |
r-oldrel-macos-arm64 | 0.3.10 | 69.00 | OK | |||
r-oldrel-macos-x86_64 | 0.3.10 | 143.00 | OK | |||
r-oldrel-windows-x86_64 | 0.3.10 | 12.00 | 171.00 | 183.00 | OK |
Version: 0.3.10
Check: dependencies in R code
Result: NOTE
Namespace in Imports field not imported from: ‘qpdf’
All declared Imports should be used.
Flavors: r-devel-linux-x86_64-fedora-clang, r-devel-linux-x86_64-fedora-gcc