Last updated on 2025-04-30 04:50:19 CEST.
Flavor | Version | Tinstall | Tcheck | Ttotal | Status | Flags |
---|---|---|---|---|---|---|
r-devel-linux-x86_64-debian-clang | 0.1.3 | 43.63 | 227.31 | 270.94 | NOTE | |
r-devel-linux-x86_64-debian-gcc | 0.1.3 | 28.23 | 156.28 | 184.51 | NOTE | |
r-devel-linux-x86_64-fedora-clang | 0.1.3 | 457.88 | OK | |||
r-devel-linux-x86_64-fedora-gcc | 0.1.3 | 425.30 | OK | |||
r-devel-windows-x86_64 | 0.1.3 | 47.00 | 221.00 | 268.00 | OK | |
r-patched-linux-x86_64 | 0.1.3 | 42.53 | 214.23 | 256.76 | OK | |
r-release-linux-x86_64 | 0.1.3 | 41.59 | 214.63 | 256.22 | OK | |
r-release-macos-arm64 | 0.1.3 | 112.00 | OK | |||
r-release-macos-x86_64 | 0.1.3 | 199.00 | OK | |||
r-release-windows-x86_64 | 0.1.3 | 47.00 | 215.00 | 262.00 | OK | |
r-oldrel-macos-arm64 | 0.1.3 | 105.00 | NOTE | |||
r-oldrel-macos-x86_64 | 0.1.3 | 157.00 | NOTE | |||
r-oldrel-windows-x86_64 | 0.1.3 | 56.00 | 278.00 | 334.00 | NOTE |
Version: 0.1.3
Check: CRAN incoming feasibility
Result: NOTE
Maintainer: ‘Jun Chen <Chen.Jun2@mayo.edu>’
No Authors@R field in DESCRIPTION.
Please add one, modifying
Authors@R: c(person(given = "Jun",
family = "Chen",
role = c("aut", "cre"),
email = "Chen.Jun2@mayo.edu"),
person(given = "Ehsan",
family = "Behnam",
role = "aut",
email = "behnamgh@usc.edu"))
as necessary.
Flavors: r-devel-linux-x86_64-debian-clang, r-devel-linux-x86_64-debian-gcc
Version: 0.1.3
Check: LazyData
Result: NOTE
'LazyData' is specified without a 'data' directory
Flavors: r-oldrel-macos-arm64, r-oldrel-macos-x86_64, r-oldrel-windows-x86_64