Last updated on 2025-04-30 04:50:20 CEST.
Flavor | Version | Tinstall | Tcheck | Ttotal | Status | Flags |
---|---|---|---|---|---|---|
r-devel-linux-x86_64-debian-clang | 1.0.0 | 1.63 | 32.36 | 33.99 | NOTE | |
r-devel-linux-x86_64-debian-gcc | 1.0.0 | 1.46 | 24.64 | 26.10 | NOTE | |
r-devel-linux-x86_64-fedora-clang | 1.0.0 | 52.24 | OK | |||
r-devel-linux-x86_64-fedora-gcc | 1.0.0 | 52.57 | OK | |||
r-devel-windows-x86_64 | 1.0.0 | 2.00 | 57.00 | 59.00 | OK | |
r-patched-linux-x86_64 | 1.0.0 | 1.49 | 31.44 | 32.93 | OK | |
r-release-linux-x86_64 | 1.0.0 | 1.61 | 31.05 | 32.66 | OK | |
r-release-macos-arm64 | 1.0.0 | 26.00 | OK | |||
r-release-macos-x86_64 | 1.0.0 | 38.00 | OK | |||
r-release-windows-x86_64 | 1.0.0 | 2.00 | 55.00 | 57.00 | OK | |
r-oldrel-macos-arm64 | 1.0.0 | 40.00 | OK | |||
r-oldrel-macos-x86_64 | 1.0.0 | 67.00 | OK | |||
r-oldrel-windows-x86_64 | 1.0.0 | 3.00 | 59.00 | 62.00 | OK |
Version: 1.0.0
Check: examples
Result: NOTE
Examples with CPU (user + system) or elapsed time > 5s
user system elapsed
load_map 8.326 0.413 11.786
Flavor: r-devel-linux-x86_64-debian-clang
Version: 1.0.0
Check: examples
Result: NOTE
Examples with CPU (user + system) or elapsed time > 5s
user system elapsed
load_map 5.873 0.528 9.525
Flavor: r-devel-linux-x86_64-debian-gcc