Last updated on 2025-04-30 04:50:20 CEST.
Flavor | Version | Tinstall | Tcheck | Ttotal | Status | Flags |
---|---|---|---|---|---|---|
r-devel-linux-x86_64-debian-clang | 0.16.4.8 | 4.20 | 34.55 | 38.75 | NOTE | |
r-devel-linux-x86_64-debian-gcc | 0.16.4.8 | 2.96 | 27.13 | 30.09 | NOTE | |
r-devel-linux-x86_64-fedora-clang | 0.16.4.8 | 57.36 | OK | |||
r-devel-linux-x86_64-fedora-gcc | 0.16.4.8 | 57.35 | OK | |||
r-devel-windows-x86_64 | 0.16.4.8 | 6.00 | 52.00 | 58.00 | OK | |
r-patched-linux-x86_64 | 0.16.4.8 | 3.48 | 32.10 | 35.58 | OK | |
r-release-linux-x86_64 | 0.16.4.8 | 3.10 | 32.40 | 35.50 | OK | |
r-release-macos-arm64 | 0.16.4.8 | 39.00 | OK | |||
r-release-macos-x86_64 | 0.16.4.8 | 37.00 | OK | |||
r-release-windows-x86_64 | 0.16.4.8 | 6.00 | 53.00 | 59.00 | OK | |
r-oldrel-macos-arm64 | 0.16.4.8 | 26.00 | OK | |||
r-oldrel-macos-x86_64 | 0.16.4.8 | 32.00 | OK | |||
r-oldrel-windows-x86_64 | 0.16.4.8 | 8.00 | 59.00 | 67.00 | OK |
Version: 0.16.4.8
Check: CRAN incoming feasibility
Result: NOTE
Maintainer: ‘Jose D. Loera <jose.loera@inegi.org.mx>’
No Authors@R field in DESCRIPTION.
Please add one, modifying
Authors@R: person(given = c("Jose", "D."),
family = "Loera",
role = c("aut", "cre"),
email = "jose.loera@inegi.org.mx")
as necessary.
Flavors: r-devel-linux-x86_64-debian-clang, r-devel-linux-x86_64-debian-gcc