CRAN Package Check Results for Package SoilR

Last updated on 2025-04-30 04:50:20 CEST.

Flavor Version Tinstall Tcheck Ttotal Status Flags
r-devel-linux-x86_64-debian-clang 1.2.107 20.67 152.21 172.88 NOTE
r-devel-linux-x86_64-debian-gcc 1.2.107 13.42 100.29 113.71 NOTE
r-devel-linux-x86_64-fedora-clang 1.2.107 284.17 OK
r-devel-linux-x86_64-fedora-gcc 1.2.107 263.85 OK
r-devel-windows-x86_64 1.2.107 25.00 214.00 239.00 OK
r-patched-linux-x86_64 1.2.107 23.88 141.69 165.57 OK
r-release-linux-x86_64 1.2.107 18.88 141.73 160.61 OK
r-release-macos-arm64 1.2.107 78.00 OK
r-release-macos-x86_64 1.2.107 172.00 OK
r-release-windows-x86_64 1.2.107 25.00 228.00 253.00 OK
r-oldrel-macos-arm64 1.2.107 68.00 OK
r-oldrel-macos-x86_64 1.2.107 109.00 OK
r-oldrel-windows-x86_64 1.2.107 37.00 252.00 289.00 OK

Check Details

Version: 1.2.107
Check: CRAN incoming feasibility
Result: NOTE Maintainer: ‘Carlos A. Sierra <csierra@bgc-jena.mpg.de>’ No Authors@R field in DESCRIPTION. Please add one, modifying Authors@R: c(person(given = c("Carlos", "A."), family = "Sierra", role = c("aut", "cre"), email = "csierra@bgc-jena.mpg.de"), person(given = "Markus", family = "Mueller", role = "aut")) as necessary. Flavors: r-devel-linux-x86_64-debian-clang, r-devel-linux-x86_64-debian-gcc

Version: 1.2.107
Check: examples
Result: NOTE Examples with CPU (user + system) or elapsed time > 5s user system elapsed Model_14 3.693 0.055 5.126 Flavor: r-devel-linux-x86_64-debian-clang