Last updated on 2025-04-30 04:50:20 CEST.
Flavor | Version | Tinstall | Tcheck | Ttotal | Status | Flags |
---|---|---|---|---|---|---|
r-devel-linux-x86_64-debian-clang | 1.0.0 | 10.30 | 19.46 | 29.76 | NOTE | |
r-devel-linux-x86_64-debian-gcc | 1.0.0 | 8.61 | 15.42 | 24.03 | NOTE | |
r-devel-linux-x86_64-fedora-clang | 1.0.0 | 45.99 | OK | |||
r-devel-linux-x86_64-fedora-gcc | 1.0.0 | 49.77 | OK | |||
r-devel-windows-x86_64 | 1.0.0 | 11.00 | 44.00 | 55.00 | OK | |
r-patched-linux-x86_64 | 1.0.0 | 10.13 | 18.49 | 28.62 | OK | |
r-release-linux-x86_64 | 1.0.0 | 10.32 | 18.41 | 28.73 | OK | |
r-release-macos-arm64 | 1.0.0 | 22.00 | OK | |||
r-release-macos-x86_64 | 1.0.0 | 34.00 | OK | |||
r-release-windows-x86_64 | 1.0.0 | 9.00 | 43.00 | 52.00 | OK | |
r-oldrel-macos-arm64 | 1.0.0 | 22.00 | OK | |||
r-oldrel-macos-x86_64 | 1.0.0 | 28.00 | OK | |||
r-oldrel-windows-x86_64 | 1.0.0 | 10.00 | 40.00 | 50.00 | OK |
Version: 1.0.0
Check: CRAN incoming feasibility
Result: NOTE
Maintainer: ‘Matheus Dalsente Krause <krause.d.matheus@gmail.com>’
Package CITATION file contains call(s) to old-style citEntry(). Please
use bibentry() instead.
Flavors: r-devel-linux-x86_64-debian-clang, r-devel-linux-x86_64-debian-gcc