CRAN Package Check Results for Package SpaDES

Last updated on 2025-04-30 04:50:20 CEST.

Flavor Version Tinstall Tcheck Ttotal Status Flags
r-devel-linux-x86_64-debian-clang 2.0.11 27.15 255.13 282.28 OK
r-devel-linux-x86_64-debian-gcc 2.0.11 19.49 164.16 183.65 OK
r-devel-linux-x86_64-fedora-clang 2.0.11 442.32 OK
r-devel-linux-x86_64-fedora-gcc 2.0.11 441.89 OK
r-devel-windows-x86_64 2.0.11 27.00 192.00 219.00 WARN
r-patched-linux-x86_64 2.0.11 28.13 233.79 261.92 OK
r-release-linux-x86_64 2.0.11 26.29 234.56 260.85 OK
r-release-macos-arm64 2.0.11 118.00 OK
r-release-macos-x86_64 2.0.11 244.00 OK
r-release-windows-x86_64 2.0.11 27.00 192.00 219.00 WARN
r-oldrel-macos-arm64 2.0.11 117.00 OK
r-oldrel-macos-x86_64 2.0.11 171.00 OK
r-oldrel-windows-x86_64 2.0.11 35.00 270.00 305.00 OK

Check Details

Version: 2.0.11
Check: whether the package can be unloaded cleanly
Result: WARN
Flavor: r-devel-windows-x86_64

Version: 2.0.11
Check: whether the namespace can be unloaded cleanly
Result: WARN
Flavor: r-release-windows-x86_64