Last updated on 2025-04-30 04:50:20 CEST.
Flavor | Version | Tinstall | Tcheck | Ttotal | Status | Flags |
---|---|---|---|---|---|---|
r-devel-linux-x86_64-debian-clang | 0.1.0 | 5.05 | 44.81 | 49.86 | OK | |
r-devel-linux-x86_64-debian-gcc | 0.1.0 | 3.58 | 34.27 | 37.85 | OK | |
r-devel-linux-x86_64-fedora-clang | 0.1.0 | 83.39 | OK | |||
r-devel-linux-x86_64-fedora-gcc | 0.1.0 | 83.37 | OK | |||
r-devel-windows-x86_64 | 0.1.0 | 5.00 | 61.00 | 66.00 | OK | |
r-patched-linux-x86_64 | 0.1.0 | 4.77 | 42.54 | 47.31 | OK | |
r-release-linux-x86_64 | 0.1.0 | 4.75 | 42.51 | 47.26 | OK | |
r-release-macos-arm64 | 0.1.0 | 30.00 | OK | |||
r-release-macos-x86_64 | 0.1.0 | 47.00 | OK | |||
r-release-windows-x86_64 | 0.1.0 | 6.00 | 64.00 | 70.00 | OK | |
r-oldrel-macos-arm64 | 0.1.0 | 26.00 | NOTE | |||
r-oldrel-macos-x86_64 | 0.1.0 | 39.00 | NOTE | |||
r-oldrel-windows-x86_64 | 0.1.0 | 8.00 | 70.00 | 78.00 | OK |
Version: 0.1.0
Check: package dependencies
Result: NOTE
Package suggested but not available for checking: ‘INLA’
Flavors: r-oldrel-macos-arm64, r-oldrel-macos-x86_64