Last updated on 2025-04-30 04:50:20 CEST.
Flavor | Version | Tinstall | Tcheck | Ttotal | Status | Flags |
---|---|---|---|---|---|---|
r-devel-linux-x86_64-debian-clang | 1.3.5 | 35.41 | 100.77 | 136.18 | OK | |
r-devel-linux-x86_64-debian-gcc | 1.3.5 | 26.25 | 80.49 | 106.74 | OK | |
r-devel-linux-x86_64-fedora-clang | 1.3.5 | 217.00 | OK | |||
r-devel-linux-x86_64-fedora-gcc | 1.3.5 | 244.58 | OK | |||
r-devel-windows-x86_64 | 1.3.5 | 44.00 | 117.00 | 161.00 | OK | |
r-patched-linux-x86_64 | 1.3.5 | 37.78 | 104.27 | 142.05 | OK | |
r-release-linux-x86_64 | 1.3.5 | 37.91 | 103.67 | 141.58 | OK | |
r-release-macos-arm64 | 1.3.5 | 60.00 | OK | |||
r-release-macos-x86_64 | 1.3.5 | 114.00 | OK | |||
r-release-windows-x86_64 | 1.3.5 | 45.00 | 117.00 | 162.00 | OK | |
r-oldrel-macos-arm64 | 1.3.5 | 42.00 | NOTE | |||
r-oldrel-macos-x86_64 | 1.3.5 | 64.00 | NOTE | |||
r-oldrel-windows-x86_64 | 1.3.5 | 50.00 | 149.00 | 199.00 | NOTE |
Version: 1.3.5
Check: installed package size
Result: NOTE
installed size is 6.0Mb
sub-directories of 1Mb or more:
doc 1.8Mb
libs 4.1Mb
Flavors: r-oldrel-macos-arm64, r-oldrel-macos-x86_64
Version: 1.3.5
Check: for GNU extensions in Makefiles
Result: NOTE
GNU make is a SystemRequirements.
Flavors: r-oldrel-macos-arm64, r-oldrel-macos-x86_64, r-oldrel-windows-x86_64