Last updated on 2025-02-21 03:52:27 CET.
Flavor | Version | Tinstall | Tcheck | Ttotal | Status | Flags |
---|---|---|---|---|---|---|
r-devel-linux-x86_64-debian-clang | 0.14-0 | 42.88 | 73.07 | 115.95 | NOTE | |
r-devel-linux-x86_64-debian-gcc | 0.14-0 | 27.47 | 51.41 | 78.88 | NOTE | |
r-devel-linux-x86_64-fedora-clang | 0.14-0 | 233.39 | NOTE | |||
r-devel-linux-x86_64-fedora-gcc | 0.14-0 | 208.00 | NOTE | |||
r-devel-macos-arm64 | 0.14-0 | 58.00 | NOTE | |||
r-devel-macos-x86_64 | 0.14-0 | 112.00 | NOTE | |||
r-devel-windows-x86_64 | 0.14-0 | 47.00 | 135.00 | 182.00 | NOTE | |
r-patched-linux-x86_64 | 0.14-0 | 39.56 | 66.97 | 106.53 | NOTE | |
r-release-linux-x86_64 | 0.14-0 | 41.02 | 65.66 | 106.68 | NOTE | |
r-release-macos-arm64 | 0.14-0 | 59.00 | NOTE | |||
r-release-macos-x86_64 | 0.14-0 | 104.00 | NOTE | |||
r-release-windows-x86_64 | 0.14-0 | 50.00 | 132.00 | 182.00 | NOTE | |
r-oldrel-macos-arm64 | 0.14-0 | 59.00 | OK | |||
r-oldrel-macos-x86_64 | 0.14-0 | 89.00 | OK | |||
r-oldrel-windows-x86_64 | 0.14-0 | 57.00 | 147.00 | 204.00 | OK |
Version: 0.14-0
Check: Rd files
Result: NOTE
checkRd: (-1) SpatialBSS-package.Rd:25: Lost braces in \itemize; meant \describe ?
checkRd: (-1) SpatialBSS-package.Rd:26: Lost braces in \itemize; meant \describe ?
checkRd: (-1) SpatialBSS-package.Rd:27: Lost braces in \itemize; meant \describe ?
checkRd: (-1) SpatialBSS-package.Rd:28: Lost braces in \itemize; meant \describe ?
Flavors: r-devel-linux-x86_64-debian-clang, r-devel-linux-x86_64-debian-gcc, r-devel-linux-x86_64-fedora-clang, r-devel-linux-x86_64-fedora-gcc, r-devel-macos-arm64, r-devel-macos-x86_64, r-devel-windows-x86_64, r-patched-linux-x86_64, r-release-linux-x86_64, r-release-macos-arm64, r-release-macos-x86_64, r-release-windows-x86_64