Last updated on 2025-11-03 03:49:57 CET.
| Flavor | Version | Tinstall | Tcheck | Ttotal | Status | Flags |
|---|---|---|---|---|---|---|
| r-devel-linux-x86_64-debian-clang | 1.0.5 | 67.23 | 66.90 | 134.13 | NOTE | |
| r-devel-linux-x86_64-debian-gcc | 1.0.5 | 41.33 | 50.90 | 92.23 | NOTE | |
| r-devel-linux-x86_64-fedora-clang | 1.0.5 | 111.00 | 109.94 | 220.94 | OK | |
| r-devel-linux-x86_64-fedora-gcc | 1.0.5 | 119.00 | 96.55 | 215.55 | OK | |
| r-devel-windows-x86_64 | 1.0.5 | 72.00 | 98.00 | 170.00 | OK | |
| r-patched-linux-x86_64 | 1.0.5 | 62.62 | 64.80 | 127.42 | OK | |
| r-release-linux-x86_64 | 1.0.5 | 61.72 | 65.19 | 126.91 | OK | |
| r-release-macos-arm64 | 1.0.5 | 25.00 | 33.00 | 58.00 | OK | |
| r-release-macos-x86_64 | 1.0.5 | 30.00 | 56.00 | 86.00 | OK | |
| r-release-windows-x86_64 | 1.0.5 | 72.00 | 96.00 | 168.00 | OK | |
| r-oldrel-macos-arm64 | 1.0.5 | 24.00 | 30.00 | 54.00 | OK | |
| r-oldrel-macos-x86_64 | 1.0.5 | 24.00 | 46.00 | 70.00 | OK | |
| r-oldrel-windows-x86_64 | 1.0.5 | 85.00 | 122.00 | 207.00 | OK |
Version: 1.0.5
Check: CRAN incoming feasibility
Result: NOTE
Maintainer: ‘Joshua French <joshua.french@ucdenver.edu>’
No Authors@R field in DESCRIPTION.
Please add one, modifying
Authors@R: person(given = "Joshua",
family = "French",
role = c("aut", "cre"),
email = "joshua.french@ucdenver.edu")
as necessary.
Flavors: r-devel-linux-x86_64-debian-clang, r-devel-linux-x86_64-debian-gcc