Last updated on 2025-04-30 04:50:20 CEST.
Flavor | Version | Tinstall | Tcheck | Ttotal | Status | Flags |
---|---|---|---|---|---|---|
r-devel-linux-x86_64-debian-clang | 1.3.5 | 58.93 | 27.69 | 86.62 | NOTE | |
r-devel-linux-x86_64-debian-gcc | 1.3.5 | 42.43 | 22.30 | 64.73 | NOTE | |
r-devel-linux-x86_64-fedora-clang | 1.3.5 | 179.31 | OK | |||
r-devel-linux-x86_64-fedora-gcc | 1.3.5 | 163.32 | OK | |||
r-devel-windows-x86_64 | 1.3.5 | 71.00 | 73.00 | 144.00 | OK | |
r-patched-linux-x86_64 | 1.3.5 | 60.48 | 25.86 | 86.34 | OK | |
r-release-linux-x86_64 | 1.3.5 | 62.87 | 26.10 | 88.97 | OK | |
r-release-macos-arm64 | 1.3.5 | 45.00 | OK | |||
r-release-macos-x86_64 | 1.3.5 | 51.00 | OK | |||
r-release-windows-x86_64 | 1.3.5 | 71.00 | 73.00 | 144.00 | OK | |
r-oldrel-macos-arm64 | 1.3.5 | 41.00 | OK | |||
r-oldrel-macos-x86_64 | 1.3.5 | 44.00 | OK | |||
r-oldrel-windows-x86_64 | 1.3.5 | 80.00 | 81.00 | 161.00 | OK |
Version: 1.3.5
Check: CRAN incoming feasibility
Result: NOTE
Maintainer: ‘Francesco Pantalone <pantalone.fra@gmail.com>’
The Description field contains
<arXiv:1710.09116>. The implementation has been done in C++ through the
Please refer to arXiv e-prints via their arXiv DOI <doi:10.48550/arXiv.YYMM.NNNNN>.
Flavors: r-devel-linux-x86_64-debian-clang, r-devel-linux-x86_64-debian-gcc