CRAN Package Check Results for Package SphericalCubature

Last updated on 2025-04-30 04:50:20 CEST.

Flavor Version Tinstall Tcheck Ttotal Status Flags
r-devel-linux-x86_64-debian-clang 1.5 4.13 49.98 54.11 NOTE
r-devel-linux-x86_64-debian-gcc 1.5 3.55 34.70 38.25 NOTE
r-devel-linux-x86_64-fedora-clang 1.5 90.55 NOTE
r-devel-linux-x86_64-fedora-gcc 1.5 85.15 NOTE
r-devel-windows-x86_64 1.5 7.00 64.00 71.00 NOTE
r-patched-linux-x86_64 1.5 5.04 48.19 53.23 NOTE
r-release-linux-x86_64 1.5 4.91 47.37 52.28 NOTE
r-release-macos-arm64 1.5 26.00 NOTE
r-release-macos-x86_64 1.5 48.00 NOTE
r-release-windows-x86_64 1.5 8.00 67.00 75.00 NOTE
r-oldrel-macos-arm64 1.5 27.00 NOTE
r-oldrel-macos-x86_64 1.5 37.00 NOTE
r-oldrel-windows-x86_64 1.5 8.00 78.00 86.00 NOTE

Check Details

Version: 1.5
Check: CRAN incoming feasibility
Result: NOTE Maintainer: ‘John P. Nolan <jpnolan@american.edu>’ No Authors@R field in DESCRIPTION. Please add one, modifying Authors@R: c(person(given = c("John", "P."), family = "Nolan", role = c("aut", "cre"), email = "jpnolan@american.edu"), person(given = "American", family = "University", role = "aut")) as necessary. Flavors: r-devel-linux-x86_64-debian-clang, r-devel-linux-x86_64-debian-gcc

Version: 1.5
Check: Rd files
Result: NOTE checkRd: (-1) adaptIntegrateSpherePolar.Rd:14: Lost braces 14 | code{adaptIntegrateBallPolar()} will likely miss these abrupt changes and give | ^ Flavors: r-devel-linux-x86_64-debian-clang, r-devel-linux-x86_64-debian-gcc, r-devel-linux-x86_64-fedora-clang, r-devel-linux-x86_64-fedora-gcc, r-devel-windows-x86_64, r-patched-linux-x86_64, r-release-linux-x86_64, r-release-macos-arm64, r-release-macos-x86_64, r-release-windows-x86_64, r-oldrel-macos-arm64, r-oldrel-macos-x86_64, r-oldrel-windows-x86_64

Version: 1.5
Check: examples
Result: NOTE Examples with CPU (user + system) or elapsed time > 5s user system elapsed SphericalCubature-package 4.323 0.092 6.021 Flavor: r-devel-linux-x86_64-debian-clang