Last updated on 2025-04-30 04:50:20 CEST.
Flavor | Version | Tinstall | Tcheck | Ttotal | Status | Flags |
---|---|---|---|---|---|---|
r-devel-linux-x86_64-debian-clang | 0.1.1 | 6.87 | 368.71 | 375.58 | NOTE | |
r-devel-linux-x86_64-debian-gcc | 0.1.1 | 4.43 | 223.31 | 227.74 | NOTE | |
r-devel-linux-x86_64-fedora-clang | 0.1.1 | 588.69 | OK | |||
r-devel-linux-x86_64-fedora-gcc | 0.1.1 | 577.85 | OK | |||
r-devel-windows-x86_64 | 0.1.1 | 9.00 | 366.00 | 375.00 | OK | |
r-patched-linux-x86_64 | 0.1.1 | 6.35 | 347.91 | 354.26 | OK | |
r-release-linux-x86_64 | 0.1.1 | 5.95 | 343.66 | 349.61 | OK | |
r-release-macos-arm64 | 0.1.1 | 146.00 | OK | |||
r-release-macos-x86_64 | 0.1.1 | 336.00 | OK | |||
r-release-windows-x86_64 | 0.1.1 | 10.00 | 406.00 | 416.00 | OK | |
r-oldrel-macos-arm64 | 0.1.1 | 141.00 | OK | |||
r-oldrel-macos-x86_64 | 0.1.1 | 266.00 | OK | |||
r-oldrel-windows-x86_64 | 0.1.1 | 12.00 | 454.00 | 466.00 | OK |
Version: 0.1.1
Check: CRAN incoming feasibility
Result: NOTE
Maintainer: ‘Jilber Urbina <JilberUrbina@gmail.com>’
No Authors@R field in DESCRIPTION.
Please add one, modifying
Authors@R: person(given = "Jilber",
family = "Urbina",
role = c("aut", "cre"),
email = "jilberurbina@gmail.com")
as necessary.
Flavors: r-devel-linux-x86_64-debian-clang, r-devel-linux-x86_64-debian-gcc