Last updated on 2025-04-30 04:50:20 CEST.
Flavor | Version | Tinstall | Tcheck | Ttotal | Status | Flags |
---|---|---|---|---|---|---|
r-devel-linux-x86_64-debian-clang | 1.5.1 | 10.76 | 82.77 | 93.53 | NOTE | |
r-devel-linux-x86_64-debian-gcc | 1.5.1 | 7.44 | 53.08 | 60.52 | NOTE | |
r-devel-linux-x86_64-fedora-clang | 1.5.1 | 138.63 | OK | |||
r-devel-linux-x86_64-fedora-gcc | 1.5.1 | 136.71 | OK | |||
r-devel-windows-x86_64 | 1.5.1 | 11.00 | 96.00 | 107.00 | OK | |
r-patched-linux-x86_64 | 1.5.1 | 10.54 | 76.58 | 87.12 | OK | |
r-release-linux-x86_64 | 1.5.1 | 10.61 | 77.93 | 88.54 | OK | |
r-release-macos-arm64 | 1.5.1 | 39.00 | OK | |||
r-release-macos-x86_64 | 1.5.1 | 78.00 | OK | |||
r-release-windows-x86_64 | 1.5.1 | 11.00 | 99.00 | 110.00 | OK | |
r-oldrel-macos-arm64 | 1.5.1 | 45.00 | OK | |||
r-oldrel-macos-x86_64 | 1.5.1 | 94.00 | OK | |||
r-oldrel-windows-x86_64 | 1.5.1 | 11.00 | 113.00 | 124.00 | OK |
Version: 1.5.1
Check: examples
Result: NOTE
Examples with CPU (user + system) or elapsed time > 5s
user system elapsed
splinet 8.559 0.063 11.178
wind 8.036 0.020 9.795
project 6.134 0.047 7.103
Flavor: r-devel-linux-x86_64-debian-clang
Version: 1.5.1
Check: examples
Result: NOTE
Examples with CPU (user + system) or elapsed time > 5s
user system elapsed
splinet 4.651 0.046 6.01
Flavor: r-devel-linux-x86_64-debian-gcc