Last updated on 2025-04-30 04:50:20 CEST.
Flavor | Version | Tinstall | Tcheck | Ttotal | Status | Flags |
---|---|---|---|---|---|---|
r-devel-linux-x86_64-debian-clang | 1.1 | 23.40 | 23.28 | 46.68 | NOTE | |
r-devel-linux-x86_64-debian-gcc | 1.1 | 15.71 | 18.95 | 34.66 | NOTE | |
r-devel-linux-x86_64-fedora-clang | 1.1 | 82.58 | NOTE | |||
r-devel-linux-x86_64-fedora-gcc | 1.1 | 76.83 | NOTE | |||
r-devel-windows-x86_64 | 1.1 | 26.00 | 70.00 | 96.00 | NOTE | |
r-patched-linux-x86_64 | 1.1 | 20.72 | 22.26 | 42.98 | NOTE | |
r-release-linux-x86_64 | 1.1 | 19.87 | 22.19 | 42.06 | NOTE | |
r-release-macos-arm64 | 1.1 | 26.00 | NOTE | |||
r-release-macos-x86_64 | 1.1 | 44.00 | NOTE | |||
r-release-windows-x86_64 | 1.1 | 26.00 | 69.00 | 95.00 | NOTE | |
r-oldrel-macos-arm64 | 1.1 | 25.00 | NOTE | |||
r-oldrel-macos-x86_64 | 1.1 | 37.00 | NOTE | |||
r-oldrel-windows-x86_64 | 1.1 | 31.00 | 77.00 | 108.00 | NOTE |
Version: 1.1
Check: C++ specification
Result: NOTE
Specified C++11: please drop specification unless essential
Flavors: r-devel-linux-x86_64-debian-clang, r-devel-linux-x86_64-debian-gcc, r-devel-linux-x86_64-fedora-clang, r-devel-linux-x86_64-fedora-gcc, r-devel-windows-x86_64, r-patched-linux-x86_64, r-release-linux-x86_64, r-release-macos-arm64, r-release-macos-x86_64, r-release-windows-x86_64, r-oldrel-macos-arm64, r-oldrel-macos-x86_64, r-oldrel-windows-x86_64