Last updated on 2025-04-30 04:50:20 CEST.
Flavor | Version | Tinstall | Tcheck | Ttotal | Status | Flags |
---|---|---|---|---|---|---|
r-devel-linux-x86_64-debian-clang | 2.32.10 | 31.83 | 427.86 | 459.69 | OK | |
r-devel-linux-x86_64-debian-gcc | 2.32.10 | 26.54 | 345.18 | 371.72 | OK | |
r-devel-linux-x86_64-fedora-clang | 2.32.10 | 761.56 | OK | |||
r-devel-linux-x86_64-fedora-gcc | 2.32.10 | 880.02 | OK | |||
r-devel-windows-x86_64 | 2.32.10 | 66.00 | 769.00 | 835.00 | OK | |
r-patched-linux-x86_64 | 2.32.10 | 32.26 | 473.15 | 505.41 | OK | |
r-release-linux-x86_64 | 2.32.10 | 32.80 | 467.55 | 500.35 | OK | |
r-release-macos-arm64 | 2.32.10 | 194.00 | OK | |||
r-release-macos-x86_64 | 2.32.10 | 421.00 | OK | |||
r-release-windows-x86_64 | 2.32.10 | 65.00 | 637.00 | 702.00 | OK | |
r-oldrel-macos-arm64 | 2.32.10 | 98.00 | NOTE | |||
r-oldrel-macos-x86_64 | 2.32.10 | 192.00 | NOTE | |||
r-oldrel-windows-x86_64 | 2.32.10 | 76.00 | 650.00 | 726.00 | NOTE |
Version: 2.32.10
Check: installed package size
Result: NOTE
installed size is 17.0Mb
sub-directories of 1Mb or more:
include 11.7Mb
lib 3.3Mb
Flavors: r-oldrel-macos-arm64, r-oldrel-macos-x86_64, r-oldrel-windows-x86_64
Version: 2.32.10
Check: for GNU extensions in Makefiles
Result: NOTE
GNU make is a SystemRequirements.
Flavors: r-oldrel-macos-arm64, r-oldrel-macos-x86_64, r-oldrel-windows-x86_64