CRAN Package Check Results for Package StormR

Last updated on 2025-04-30 04:50:21 CEST.

Flavor Version Tinstall Tcheck Ttotal Status Flags
r-devel-linux-x86_64-debian-clang 0.2.1 5.70 410.43 416.13 NOTE
r-devel-linux-x86_64-debian-gcc 0.2.1 4.27 285.42 289.69 NOTE
r-devel-linux-x86_64-fedora-clang 0.2.1 678.29 NOTE
r-devel-linux-x86_64-fedora-gcc 0.2.1 679.75 NOTE
r-devel-windows-x86_64 0.2.1 8.00 666.00 674.00 NOTE
r-patched-linux-x86_64 0.2.1 6.95 403.87 410.82 NOTE
r-release-linux-x86_64 0.2.1 6.68 396.51 403.19 NOTE
r-release-macos-arm64 0.2.1 201.00 NOTE
r-release-macos-x86_64 0.2.1 389.00 NOTE
r-release-windows-x86_64 0.2.1 9.00 601.00 610.00 NOTE
r-oldrel-macos-arm64 0.2.1 181.00 OK
r-oldrel-macos-x86_64 0.2.1 551.00 OK
r-oldrel-windows-x86_64 0.2.1 11.00 592.00 603.00 OK

Check Details

Version: 0.2.1
Check: CRAN incoming feasibility
Result: NOTE Maintainer: ‘Thomas Arsouze <thomas.arsouze@cirad.fr>’ The BugReports field in DESCRIPTION has https://github.com/umr-amap/StormR/issues/new/choose which should likely be https://github.com/umr-amap/StormR/issues/new/choose/issues instead. Flavors: r-devel-linux-x86_64-debian-clang, r-devel-linux-x86_64-debian-gcc

Version: 0.2.1
Check: DESCRIPTION meta-information
Result: NOTE Missing dependency on R >= 4.1.0 because package code uses the pipe |> or function shorthand \(...) syntax added in R 4.1.0. File(s) using such syntax: ‘defStormsList.R’ Flavors: r-devel-linux-x86_64-debian-clang, r-devel-linux-x86_64-debian-gcc, r-devel-linux-x86_64-fedora-clang, r-devel-linux-x86_64-fedora-gcc, r-devel-windows-x86_64, r-patched-linux-x86_64, r-release-linux-x86_64, r-release-macos-arm64, r-release-macos-x86_64, r-release-windows-x86_64