Last updated on 2025-02-21 03:52:27 CET.
Flavor | Version | Tinstall | Tcheck | Ttotal | Status | Flags |
---|---|---|---|---|---|---|
r-devel-linux-x86_64-debian-clang | 0.4.2 | 101.26 | 77.22 | 178.48 | OK | |
r-devel-linux-x86_64-debian-gcc | 0.4.2 | 66.81 | 54.19 | 121.00 | OK | |
r-devel-linux-x86_64-fedora-clang | 0.4.2 | 353.39 | OK | |||
r-devel-linux-x86_64-fedora-gcc | 0.4.2 | 337.05 | OK | |||
r-devel-macos-arm64 | 0.4.2 | 77.00 | OK | |||
r-devel-macos-x86_64 | 0.4.2 | 147.00 | OK | |||
r-devel-windows-x86_64 | 0.4.2 | 101.00 | 111.00 | 212.00 | OK | |
r-patched-linux-x86_64 | 0.4.2 | 97.13 | 70.49 | 167.62 | OK | |
r-release-linux-x86_64 | 0.4.2 | 98.04 | 69.86 | 167.90 | OK | |
r-release-macos-arm64 | 0.4.2 | 76.00 | NOTE | |||
r-release-macos-x86_64 | 0.4.2 | 119.00 | NOTE | |||
r-release-windows-x86_64 | 0.4.2 | 103.00 | 111.00 | 214.00 | OK | |
r-oldrel-macos-arm64 | 0.4.1 | 92.00 | NOTE | |||
r-oldrel-macos-x86_64 | 0.4.2 | 127.00 | NOTE | |||
r-oldrel-windows-x86_64 | 0.4.2 | 125.00 | 168.00 | 293.00 | OK |
Version: 0.4.2
Check: installed package size
Result: NOTE
installed size is 5.7Mb
sub-directories of 1Mb or more:
libs 5.4Mb
Flavors: r-release-macos-arm64, r-release-macos-x86_64, r-oldrel-macos-x86_64
Version: 0.4.1
Check: C++ specification
Result: NOTE
Specified C++11: please drop specification unless essential
Flavor: r-oldrel-macos-arm64
Version: 0.4.1
Check: installed package size
Result: NOTE
installed size is 5.5Mb
sub-directories of 1Mb or more:
libs 5.2Mb
Flavor: r-oldrel-macos-arm64